{"id":15,"date":"2012-05-04T10:00:21","date_gmt":"2012-05-04T07:00:21","guid":{"rendered":"http:\/\/frisbeegolfradat.fi\/sm2012\/?page_id=15"},"modified":"2012-07-11T08:53:13","modified_gmt":"2012-07-11T05:53:13","slug":"ilmoittautuminen","status":"publish","type":"page","link":"https:\/\/frisbeegolfradat.fi\/sm2012\/ilmoittautuminen\/","title":{"rendered":"Ilmoittautuminen"},"content":{"rendered":"<p>Ilmoittautuminen on p\u00e4\u00e4ttynyt, ja SM2012-osallistumisoikeudet on my\u00f6nnetty.<\/p>\n<p>SM2012-osallistujalistat ovat n\u00e4ht\u00e4vill\u00e4 t\u00e4\u00e4ll\u00e4.<\/p>\n<p><a href=\"https:\/\/docs.google.com\/spreadsheet\/ccc?key=0Ala_mnp3sh9-dHlZQlNZNUxDNVNHU1ppMlNINHRXQkE\" target=\"_blank\">Avoin<\/a><br \/>\n<a href=\"https:\/\/docs.google.com\/spreadsheet\/ccc?key=0Ala_mnp3sh9-dGIyVERxUG53VjVSMEFPZHZ0aExNRHc\" target=\"_blank\">Naiset<\/a><br \/>\n<a href=\"https:\/\/docs.google.com\/spreadsheet\/ccc?key=0Ala_mnp3sh9-dE02cTFCTzh2UlBzQ1FvVlJhWUZmTFE\" target=\"_blank\">Juniorit-16<\/a><br \/>\n<a href=\"https:\/\/docs.google.com\/spreadsheet\/ccc?key=0Ala_mnp3sh9-dEF3a3FvTm1ac0ZyZUdmWEpqdWJmekE\" target=\"_blank\">Juniorit-19<\/a><br \/>\n<a href=\"https:\/\/docs.google.com\/spreadsheet\/ccc?key=0Ala_mnp3sh9-dGdrZVJWZWVXWHJMeUJsZzlfUWkzSEE\" target=\"_blank\">Naiset-40<\/a><br \/>\n<a href=\"https:\/\/docs.google.com\/spreadsheet\/ccc?key=0Ala_mnp3sh9-dGliTW95Q0FZaURGRG1FM1hkc1VGSEE\" target=\"_blank\">Seniorit-40<\/a><br \/>\n<a href=\"https:\/\/docs.google.com\/spreadsheet\/ccc?key=0Ala_mnp3sh9-dDJKRTdqZFg1dVNnYVpNTkd3bDlHM1E\" target=\"_blank\">Seniorit-50<\/a><br \/>\n<a href=\"https:\/\/docs.google.com\/spreadsheet\/ccc?key=0Ala_mnp3sh9-dFpTSm5WUmVTTVhQSDc1ckUtM3NNaEE\" target=\"_blank\">Seniorit-60<\/a><\/p>\n<p><strong>Peruutukset<\/strong><\/p>\n<p>Mik\u00e4li sinulle tulee este, etk\u00e4 p\u00e4\u00e4se osallistumaan kilpailuihin, ilmoitathan siit\u00e4 v\u00e4litt\u00f6m\u00e4sti kilpailunj\u00e4rjest\u00e4j\u00e4lle.<\/p>\n<p><strong>Miten toimit, jos sinulle on my\u00f6nnetty osallistumisoikeus?<\/strong><\/p>\n<p>Huolehdi, ett\u00e4 osallistumismaksu maksetaan kisaj\u00e4rjest\u00e4j\u00e4n tilille mahdollisimman nopeasti.<\/p>\n<p>My\u00f6h\u00e4ss\u00e4 saapuneita maksuja ei huomioida ja pejaaja menett\u00e4\u00e4 osallistumisoikeutensa.<\/p>\n<p>***<br \/>\nIlmoittautuminen on suljettu 2.7.2012<strong><\/strong><\/p>\n<p>Ilmoittautumisen 1-vaihe (1.-15.6.2012)<br \/>\nIlmoittautumisen ensimm\u00e4isess\u00e4 vaiheessa voivat kilpailuun ilmoittautua Frisbeeliiton lisenssipelaajat,<br \/>\njoiden PDGA-rating on kilpailuun ilmoittautumishetkell\u00e4:<\/p>\n<table width=\"75%\" border=\"0\">\n<tbody>\n<tr>\n<td><strong>Avoin:<\/strong><\/td>\n<td>950 tai parempi<\/td>\n<\/tr>\n<tr>\n<td><strong>Naiset:<\/strong><\/td>\n<td>815 tai parempi<\/td>\n<\/tr>\n<tr>\n<td><strong>Juniorit-16:<\/strong><\/td>\n<td>850\u00a0tai parempi<\/td>\n<\/tr>\n<tr>\n<td><strong>Juniorit-19:<\/strong><\/td>\n<td>930\u00a0tai parempi<\/td>\n<\/tr>\n<tr>\n<td><strong>Seniorit-40:<\/strong><\/td>\n<td>930\u00a0tai parempi<\/td>\n<\/tr>\n<tr>\n<td><strong>Seniorit-50:<\/strong><\/td>\n<td>900\u00a0tai parempi<\/td>\n<\/tr>\n<tr>\n<td><strong>Seniorit-60:<\/strong><\/td>\n<td>870\u00a0tai parempi<\/td>\n<\/tr>\n<tr>\n<td><strong>Nais-Seniorit-40:<\/strong><\/td>\n<td>750\u00a0tai parempi<\/td>\n<\/tr>\n<\/tbody>\n<\/table>\n<p>Mik\u00e4li pelaajan PDGA-rating muuttuu ilmoittautumisen j\u00e4lkeen, ei se vaikuta kilpailupaikkajakoon.<br \/>\n(Siis ilmoittautumishetken PDGA-rating ratkaisee).<\/p>\n<p>Kilpailupaikat jaetaan ilmoittautumisj\u00e4rjestyksess\u00e4 kuitenkin siten, ett\u00e4 alla mainitut sarjakohtaiset kiinti\u00f6t otetaan ensin huomioon.<\/p>\n<p><strong>HUOM! Jos ilmoittautumisen 1. vaiheen aikana ilmoittautuu pelaajia, joiden rating ei t\u00e4yt\u00e4 yll\u00e4 mainittuja vaatimuksia, poistamme pelaajan ilmoittautumisen j\u00e4rjestelmist\u00e4mme (=kisakoneesta).<\/strong><\/p>\n<p><strong>Osallistumismaksut<\/strong><br \/>\nAikuisten sarjat (Avoin, Naiset, Seniorit-40, Seniorit-50, Seniorit-60 ja Nais-Seniorit-40): <strong>40 euroa<\/strong><br \/>\nJuniori-sarjat (Juniorit-16 ja Juniorit-19): <strong>20 euroa<\/strong><\/p>\n<p>Osallistumismaksut tulee suorittaa Nokian Frisbeegolf Seura ry:n tilille OP 529309-2108466.<br \/>\nKirjoita viestiin: &#8221;SM2012&#8221;, nimesi, PDGA-numerosi ja sarjasi. Maksamalla osallistumismaksun, vahvistat osallistumisesi kilpailuun. 1. vaiheen pelaajien osallistumismaksujen pit\u00e4\u00e4 saapua kisaj\u00e4rjest\u00e4j\u00e4n tilille 16.6. menness\u00e4, muuten pelaaja menett\u00e4\u00e4 osallistumisoikeutensa.<\/p>\n<p><strong>Ilmoittautumisen 2-vaihe (16.6.-1.7.2012)<\/strong><br \/>\nIlmoittautuminen avoinna kaikille 16.6.2012 alkaen. Vastoin alkuper\u00e4ist\u00e4 ilmoitusta, kysymyksess\u00e4 ei kuitenkaan ole nopeuskilpailu. Loput kilpailupaikat jaetaan ilmoittautujien PDGA-ratingin mukaan siten, ett\u00e4 korkeimman PDGA-ratingin omaava pelaaja on sarjassaan etusijalla. Vapaana olevat paikat jaetaan kuitenkin siten, ett\u00e4 alla mainitut sarjakohtaiset kiinti\u00f6t otetaan ensin huomioon. Mik\u00e4li kiinti\u00f6t eiv\u00e4t tule t\u00e4yteen, niist\u00e4 vapautuvat paikat siirtyv\u00e4t avoimeen sarjaan. Mik\u00e4li ilmoittautujilla on sama PDGA-rating, aikaisemmin osallistumismaksunsa suorittanut pelaaja saa paikan.<\/p>\n<p>Lis\u00e4ksi osallistumismaksujen tulee saapua j\u00e4rjest\u00e4v\u00e4n seuran tilille 1.7. menness\u00e4 (2.vaiheen ilmoittautujat). Maksa osallistumisesi ajoissa ja varmistat osallistumisoikeutesi kilpailuun. Mik\u00e4li olet maksanut osallistumisesi, etk\u00e4 kuitenkaan mahdu sarjaasi, kisaj\u00e4rjest\u00e4j\u00e4 palauttaa osallistumismaksusi.<\/p>\n<p><strong>Sarjakohtaiset kiinti\u00f6t<\/strong><br \/>\nKilpailuun mahtuu v\u00e4hint\u00e4\u00e4n 168 pelaajaa.<br \/>\nPelaajapaikat on jaettu seuraavasti:<\/p>\n<table width=\"50%\" border=\"0\">\n<tbody>\n<tr>\n<td><strong>Avoin:<\/strong><\/td>\n<td>88 pelajaa<\/td>\n<\/tr>\n<tr>\n<td><strong>Naiset:<\/strong><\/td>\n<td>8 pelajaa<\/td>\n<\/tr>\n<tr>\n<td><strong>Juniorit-16<\/strong><\/td>\n<td>12 pelajaa<\/td>\n<\/tr>\n<tr>\n<td><strong>Juniorit-19<\/strong><\/td>\n<td>16 pelajaa<\/td>\n<\/tr>\n<tr>\n<td><strong>Seniorit-40<\/strong><\/td>\n<td>24 pelajaa<\/td>\n<\/tr>\n<tr>\n<td><strong>Seniorit-50<\/strong><\/td>\n<td>12 pelajaa<\/td>\n<\/tr>\n<tr>\n<td><strong>Seniorit-60<\/strong><\/td>\n<td>4 pelajaa<\/td>\n<\/tr>\n<tr>\n<td><strong>Nais-Seniorit-40<\/strong><\/td>\n<td>4 pelajaa<\/td>\n<\/tr>\n<\/tbody>\n<\/table>\n<p>&nbsp;<\/p>\n","protected":false},"excerpt":{"rendered":"<p>Ilmoittautuminen on p\u00e4\u00e4ttynyt, ja SM2012-osallistumisoikeudet on my\u00f6nnetty. SM2012-osallistujalistat ovat n\u00e4ht\u00e4vill\u00e4 t\u00e4\u00e4ll\u00e4. Avoin Naiset Juniorit-16 Juniorit-19 Naiset-40 Seniorit-40 Seniorit-50 Seniorit-60 Peruutukset Mik\u00e4li sinulle tulee este, etk\u00e4 p\u00e4\u00e4se osallistumaan kilpailuihin, ilmoitathan siit\u00e4 v\u00e4litt\u00f6m\u00e4sti kilpailunj\u00e4rjest\u00e4j\u00e4lle. Miten toimit, jos sinulle on my\u00f6nnetty osallistumisoikeus? Huolehdi, ett\u00e4 osallistumismaksu maksetaan kisaj\u00e4rjest\u00e4j\u00e4n tilille mahdollisimman nopeasti. My\u00f6h\u00e4ss\u00e4 saapuneita maksuja ei huomioida ja pejaaja menett\u00e4\u00e4 [&hellip;]<\/p>\n","protected":false},"author":250,"featured_media":0,"parent":0,"menu_order":2,"comment_status":"open","ping_status":"open","template":"","meta":[],"yoast_head":"<!-- This site is optimized with the Yoast SEO plugin v16.1.1 - https:\/\/yoast.com\/wordpress\/plugins\/seo\/ -->\n<meta name=\"robots\" content=\"index, follow, max-snippet:-1, max-image-preview:large, max-video-preview:-1\" \/>\n<link rel=\"canonical\" href=\"https:\/\/frisbeegolfradat.fi\/sm2012\/ilmoittautuminen\/\" \/>\n<meta property=\"og:locale\" content=\"fi_FI\" \/>\n<meta property=\"og:type\" content=\"article\" \/>\n<meta property=\"og:title\" content=\"Ilmoittautuminen - sm2012\" \/>\n<meta property=\"og:description\" content=\"Ilmoittautuminen on p\u00e4\u00e4ttynyt, ja SM2012-osallistumisoikeudet on my\u00f6nnetty. SM2012-osallistujalistat ovat n\u00e4ht\u00e4vill\u00e4 t\u00e4\u00e4ll\u00e4. Avoin Naiset Juniorit-16 Juniorit-19 Naiset-40 Seniorit-40 Seniorit-50 Seniorit-60 Peruutukset Mik\u00e4li sinulle tulee este, etk\u00e4 p\u00e4\u00e4se osallistumaan kilpailuihin, ilmoitathan siit\u00e4 v\u00e4litt\u00f6m\u00e4sti kilpailunj\u00e4rjest\u00e4j\u00e4lle. Miten toimit, jos sinulle on my\u00f6nnetty osallistumisoikeus? Huolehdi, ett\u00e4 osallistumismaksu maksetaan kisaj\u00e4rjest\u00e4j\u00e4n tilille mahdollisimman nopeasti. My\u00f6h\u00e4ss\u00e4 saapuneita maksuja ei huomioida ja pejaaja menett\u00e4\u00e4 [&hellip;]\" \/>\n<meta property=\"og:url\" content=\"https:\/\/frisbeegolfradat.fi\/sm2012\/ilmoittautuminen\/\" \/>\n<meta property=\"og:site_name\" content=\"sm2012\" \/>\n<meta property=\"article:modified_time\" content=\"2012-07-11T05:53:13+00:00\" \/>\n<meta name=\"twitter:label1\" content=\"Est. reading time\">\n\t<meta name=\"twitter:data1\" content=\"2 minuuttia\">\n<script type=\"application\/ld+json\" class=\"yoast-schema-graph\">{\"@context\":\"https:\/\/schema.org\",\"@graph\":[{\"@type\":\"WebSite\",\"@id\":\"https:\/\/frisbeegolfradat.fi\/sm2012\/#website\",\"url\":\"https:\/\/frisbeegolfradat.fi\/sm2012\/\",\"name\":\"sm2012\",\"description\":\"Frisbeegolfin SM-kilpailut 2012\",\"potentialAction\":[{\"@type\":\"SearchAction\",\"target\":\"https:\/\/frisbeegolfradat.fi\/sm2012\/?s={search_term_string}\",\"query-input\":\"required name=search_term_string\"}],\"inLanguage\":\"fi\"},{\"@type\":\"WebPage\",\"@id\":\"https:\/\/frisbeegolfradat.fi\/sm2012\/ilmoittautuminen\/#webpage\",\"url\":\"https:\/\/frisbeegolfradat.fi\/sm2012\/ilmoittautuminen\/\",\"name\":\"Ilmoittautuminen - sm2012\",\"isPartOf\":{\"@id\":\"https:\/\/frisbeegolfradat.fi\/sm2012\/#website\"},\"datePublished\":\"2012-05-04T07:00:21+00:00\",\"dateModified\":\"2012-07-11T05:53:13+00:00\",\"breadcrumb\":{\"@id\":\"https:\/\/frisbeegolfradat.fi\/sm2012\/ilmoittautuminen\/#breadcrumb\"},\"inLanguage\":\"fi\",\"potentialAction\":[{\"@type\":\"ReadAction\",\"target\":[\"https:\/\/frisbeegolfradat.fi\/sm2012\/ilmoittautuminen\/\"]}]},{\"@type\":\"BreadcrumbList\",\"@id\":\"https:\/\/frisbeegolfradat.fi\/sm2012\/ilmoittautuminen\/#breadcrumb\",\"itemListElement\":[{\"@type\":\"ListItem\",\"position\":1,\"item\":{\"@type\":\"WebPage\",\"@id\":\"https:\/\/frisbeegolfradat.fi\/sm2012\/ilmoittautuminen\/\",\"url\":\"https:\/\/frisbeegolfradat.fi\/sm2012\/ilmoittautuminen\/\",\"name\":\"Ilmoittautuminen\"}}]}]}<\/script>\n<!-- \/ Yoast SEO plugin. -->","_links":{"self":[{"href":"https:\/\/frisbeegolfradat.fi\/sm2012\/wp-json\/wp\/v2\/pages\/15"}],"collection":[{"href":"https:\/\/frisbeegolfradat.fi\/sm2012\/wp-json\/wp\/v2\/pages"}],"about":[{"href":"https:\/\/frisbeegolfradat.fi\/sm2012\/wp-json\/wp\/v2\/types\/page"}],"author":[{"embeddable":true,"href":"https:\/\/frisbeegolfradat.fi\/sm2012\/wp-json\/wp\/v2\/users\/250"}],"replies":[{"embeddable":true,"href":"https:\/\/frisbeegolfradat.fi\/sm2012\/wp-json\/wp\/v2\/comments?post=15"}],"version-history":[{"count":17,"href":"https:\/\/frisbeegolfradat.fi\/sm2012\/wp-json\/wp\/v2\/pages\/15\/revisions"}],"predecessor-version":[{"id":34,"href":"https:\/\/frisbeegolfradat.fi\/sm2012\/wp-json\/wp\/v2\/pages\/15\/revisions\/34"}],"wp:attachment":[{"href":"https:\/\/frisbeegolfradat.fi\/sm2012\/wp-json\/wp\/v2\/media?parent=15"}],"curies":[{"name":"wp","href":"https:\/\/api.w.org\/{rel}","templated":true}]}}